-3*f - 39. Suppose 8*q - 3*q - r = 592, 4*q + 2*r - 468 = 0. Suppose 25 + q = a. Calculate the greatest common factor of a and f.
13
Suppose -m + 5*m - 320 = 0. Let i = 264 - 232. What is the highest common factor of m and i?
16
Suppose h - o = 1 + 2, -o + 11 = h. What is the highest common divisor of 49 and h?
7
Let d(r) = -r**3 - 7*r**2 + 7*r - 1. Let n be d(-8). Calculate the greatest common factor of 7 and n.
7
Let p = -43 + -33. Let a be ((-106)/(-5))/(8/(-40)). Let o = p - a. Calculate the greatest common divisor of 45 and o.
15
Let i = -8 - -3. Let u be 4*(i/(-2) + -1). Suppose 5*v - 3*v = 96. Calculate the greatest common factor of v and u.
6
Let v = 4 + -5. Let k be (v - 0 - 1)*-1. Let x = -15 - -25. What is the greatest common divisor of x and k?
2
Let f = -37 + 61. Let j = 48 - f. What is the highest common factor of j and 36?
12
Let s(g) = g + 20. Let n be s(0). Calculate the highest common factor of 50 and n.
10
Let x be 646/8 - 3/(-12). Suppose 4*a - 42 = 86. Let r = -23 + a. What is the highest common divisor of x and r?
9
Let u be (-9 - -5)*2/4. Let m = u + 4. Calculate the greatest common factor of m and 4.
2
Let q(y) = -350*y**3 - y**2 + 1. Let w be q(-1). Suppose -4*d - d = -w. Calculate the greatest common divisor of 10 and d.
10
Let d = 5 + -4. What is the greatest common factor of d and 11?
1
Let t be 4/(-22) - (-92)/22. Suppose -2*y - 4*k = -5*y + 50, -t*y = 5*k - 15. What is the greatest common factor of 70 and y?
10
Let l(u) = -u**2 - 8*u - 7. Let g be l(-6). Suppose -g*d = -5*r - 575, 5*d - d - 463 = 5*r. Calculate the highest common divisor of d and 16.
16
Let r be (-18)/4*8/(-12). Let v(s) = s**2 + 5*s + 2. Let c be v(-4). Let a be c/(-2 + 1) - 0. What is the greatest common factor of r and a?
1
Suppose 440 = -4*h + 8*h. What is the highest common factor of h and 10?
10
Let g = 1 + 0. Let d(q) = 14*q - 1. Let x be d(1). Let u = x + -10. Calculate the highest common divisor of g and u.
1
Let u = 6 - -16. Suppose 14 + 6 = -5*a, 2*l - a = u. Suppose -10 = -3*t + 4*q, 2*t - q + 0*q = 10. What is the greatest common divisor of l and t?
3
Suppose -2*x + 56 = n, 4*x - 15 = 7*x. Calculate the greatest common divisor of 99 and n.
33
Let i(o) be the second derivative of -o**4/6 + o**3/6 + 17*o**2/2 + o. Let x be i(0). Calculate the highest common factor of x and 68.
17
Suppose 3*v + 12 = 0, 0 = 3*g + v + 9 - 35. What is the highest common factor of g and 20?
10
Suppose 3*d = -0*t + 4*t + 537, -3*d + 519 = 2*t. What is the highest common divisor of 7 and d?
7
Let k be 7/(-14)*3*-10. Calculate the greatest common factor of 165 and k.
15
Let g(d) = d**3 - 4*d**2 + 5*d - 5. Let v be g(3). What is the greatest common factor of 4 and v?
1
Suppose -3*q + 120 = q. Let k = q - 21. Let b = 19 + -10. What is the highest common factor of b and k?
9
Let n(z) = z**2 - 13*z + 40. Let q be n(11). What is the highest common divisor of q and 198?
18
Let x(p) = -2*p + 21. Let f be x(9). Let h be (-28)/(-5) - (-2)/5. Suppose -f*c = -h*c + 60. What is the highest common factor of c and 100?
20
Let l = 25 - -11. Suppose -i + 10 = -3*i, 5*z - 2*i = 0. Let p be (-49)/(-2) - (-1)/z. What is the greatest common divisor of l and p?
12
Let u(s) = 6 + 4*s - 7 - s**2 + 5. Let o be u(3). What is the greatest common factor of o and 35?
7
Let v = -23 + 50. Suppose 0 = 3*m + v - 93. What is the highest common factor of 2 and m?
2
Suppose -5*l = 30 - 5. Suppose 4 = -4*u, -a + 0*u = u + 5. Let g = a - l. What is the greatest common divisor of g and 2?
1
Let o be 12/(-3 - 3) - -292. What is the highest common divisor of 116 and o?
58
Let i be 4/(-14) - (-1136)/56. What is the highest common divisor of i and 80?
20
Let v be (2 + -1)*(47 - (-1)/1). What is the greatest common factor of 36 and v?
12
Let c(y) = y**2 - 6*y + 12. Let g be c(8). Suppose 0*f - f = -g. Let a = 44 - 30. What is the highest common divisor of a and f?
14
Suppose 5*r + 193 = 218. What is the greatest common divisor of r and 25?
5
Suppose -7*v + 164 - 17 = 0. Calculate the highest common divisor of 21 and v.
21
Suppose 3*y - 63 = -0*y. Let v(a) = 83*a**2 + a + 2. Let x be v(-1). What is the highest common factor of y and x?
21
Suppose d - 8 = 3*d. Let k be d/(-6) + (-210)/(-9). What is the highest common divisor of 36 and k?
12
Let d(p) be the second derivative of 33*p**5/20 - p**4/12 + p. Let s be d(1). Calculate the highest common divisor of s and 8.
8
Let d be 2/(-8) + 1 - 7/(-28). What is the greatest common factor of 3 and d?
1
Suppose x - 7*r + 8 = -3*r, -2*r - 2 = -x. Suppose 5*g - 80 = g. Suppose -4*s + 12 = -g. What is the greatest common factor of s and x?
4
Suppose -5*l + 573 = -4*z, 2*z + 298 = -5*l + 889. What is the highest common factor of 13 and l?
13
Suppose 5*w = 4*h + 121, 3*h = 2*w + h - 50. Let a be (w/1)/((-27)/(-18)). Calculate the highest common factor of a and 14.
14
Let x be 338/6 - (-2)/(-6). Let l(q) = 3*q + 1. Let u be l(5). Let o = 23 - u. What is the greatest common factor of x and o?
7
Let z(i) = i**2 - 13*i + 6. Let w be z(14). Suppose 5*g = g + w. Calculate the greatest common divisor of 35 and g.
5
Suppose 13 = 3*o - 5*r, 3*o - 2*r - 49 = -6*r. Let t be (o/2)/(2/4). Suppose -5*a = -2*j - t, -5 - 6 = -4*j - a. What is the greatest common factor of j and 2?
2
Let u(w) = w**2 - 12*w + 57. Let c be u(13). Calculate the highest common divisor of 105 and c.
35
Let b = 53 + 59. What is the greatest common divisor of b and 16?
16
Let r(w) = 0 - w + 3*w - 10. Let j be r(9). What is the highest common divisor of j and 8?
8
Let c = -7 + 4. Let q(w) = -2*w + 2. Let v be q(c). What is the greatest common factor of v and 20?
4
Suppose 5*m + 4*r - 13 = -0*r, -5*r + 12 = 2*m. Let c be 22*(-1 + m - -1). What is the greatest common divisor of 55 and c?
11
Suppose 0 = 5*j - 15, 2*h = -3*j - j + 38. What is the highest common factor of 130 and h?
13
Let u = 25 - 7. Let z(p) = -40*p**3 - p. Let j be z(-1). Suppose 2*n - j = 5*b - 10*b, 0 = -4*b + 5*n + 46. Calculate the highest common divisor of u and b.
9
Let r be 909/12 + 7/28. What is the greatest common divisor of r and 19?
19
Let k(z) = -z**3 - 5*z**2 - 4*z - 12. Let w be k(-5). Calculate the greatest common factor of w and 1.
1
Let w(k) = -2*k - 2. Let j be w(-4). Let q = 24 - j. What is the highest common factor of q and 126?
18
Suppose i = -3*n - 7, 5*i = -n + 6*n + 45. Calculate the highest common divisor of i and 5.
5
Let u(c) = 2*c**2 - 6*c - 12. Let m be u(9). Suppose 0*i = -4*i + m. Calculate the greatest common factor of 216 and i.
24
Suppose -3*w - 56 = -5*b + 7, -b = w - 11. Calculate the greatest common factor of b and 60.
12
Let k = 14 + 106. Let g be (-18)/4*(-30)/9. Calculate the highest common factor of g and k.
15
Suppose 4*a = 14 + 6. Suppose -65 + 14 = -4*w + 3*b, 4*b = -a*w + 25. Calculate the highest common divisor of 45 and w.
9
Suppose -2*q = -0*q + 3*d - 1686, -d = 4*q - 3362. Suppose q = 6*a + a. Calculate the greatest common factor of 24 and a.
24
Let b = -8 - -16. Suppose -m = -5*m - b, m + 25 = c. Calculate the greatest common divisor of c and 138.
23
Let j(p) = -p - 2. Let k be j(-4). Let g = k - -21. What is the greatest common divisor of g and 253?
23
Suppose 0 = 2*c + 9 - 21. What is the greatest common factor of 2 and c?
2
Let i = 65 - -70. What is the greatest common divisor of i and 15?
15
Suppose 65*w - 153 = 64*w. What is the highest common factor of 17 and w?
17
Let g = 3 - 2. Suppose -5*q + 4 + 16 = 0. What is the highest common divisor of q and g?
1
Suppose 5*z - 4*r = 180, 4*z - 39 = -r + 105. Calculate the highest common divisor of 60 and z.
12
Let b = -246 + 400. What is the greatest common factor of 22 and b?
22
Let c be (-6)/(-4)*(-264)/(-4). Let s be 9 + (3 + -3 - 1). Suppose -s - 3 = -n. Calculate the highest common divisor of n and c.
11
Let n = -235 - -368. Let f = 43 + n. Calculate the greatest common factor of 16 and f.
16
Suppose 5 = -5*j + 6*j. Calculate the highest common divisor of j and 20.
5
Let s be (99 - -2)/((-1)/1). Let q(t) = -t**3 - 7*t**2 + 10*t - 1. Let k be q(-7). Let o = k - s. What is the highest common factor of o and 12?
6
Suppose -3*y + 57 = -2*i - 4, 4*y = 5*i + 79. Let l = y - 11. What is the highest common factor of 5 and l?
5
Let y = 15 + -14. C